f 5943 and 210?
21
What is the greatest common factor of 64 and 800?
32
Calculate the highest common divisor of 52 and 364.
52
Calculate the greatest common factor of 144 and 9.
9
What is the greatest common divisor of 84 and 10388?
28
Calculate the highest common factor of 7889 and 161.
161
Calculate the highest common divisor of 4 and 908.
4
What is the greatest common factor of 2 and 977?
1
Calculate the greatest common factor of 125 and 1625.
125
What is the highest common divisor of 763 and 21?
7
What is the highest common factor of 34 and 278?
2
What is the greatest common divisor of 25491 and 29?
29
What is the highest common divisor of 72 and 324?
36
What is the highest common factor of 116 and 8236?
116
Calculate the highest common factor of 60 and 45.
15
Calculate the greatest common factor of 126 and 1512.
126
Calculate the greatest common factor of 29 and 812.
29
What is the greatest common factor of 949 and 146?
73
What is the highest common divisor of 86 and 86?
86
Calculate the greatest common factor of 4 and 36.
4
What is the greatest common factor of 352 and 48?
16
Calculate the greatest common divisor of 206 and 7519.
103
Calculate the greatest common divisor of 275 and 100.
25
What is the greatest common factor of 18 and 612?
18
Calculate the greatest common divisor of 56 and 588.
28
What is the greatest common factor of 33 and 451?
11
What is the highest common divisor of 12 and 18?
6
Calculate the greatest common factor of 154 and 440.
22
What is the highest common factor of 310 and 124?
62
What is the greatest common divisor of 867 and 204?
51
Calculate the highest common divisor of 322 and 184.
46
What is the greatest common divisor of 16443 and 162?
81
Calculate the greatest common factor of 578 and 102.
34
Calculate the highest common divisor of 5 and 145.
5
Calculate the highest common factor of 70 and 120.
10
Calculate the greatest common factor of 468 and 20.
4
Calculate the greatest common factor of 1470 and 7.
7
What is the greatest common divisor of 48 and 120?
24
Calculate the highest common divisor of 806 and 208.
26
Calculate the highest common factor of 2629 and 11.
11
Calculate the greatest common divisor of 870 and 465.
15
What is the greatest common factor of 14 and 1834?
14
What is the highest common divisor of 282 and 2726?
94
What is the highest common factor of 6 and 110?
2
Calculate the highest common factor of 8530 and 10.
10
Calculate the highest common factor of 500 and 100.
100
Calculate the greatest common factor of 24 and 3768.
24
Calculate the highest common divisor of 282 and 3290.
94
What is the greatest common divisor of 46 and 32?
2
Calculate the highest common factor of 38 and 4.
2
Calculate the highest common factor of 289 and 4471.
17
What is the highest common divisor of 748 and 102?
34
Calculate the highest common factor of 185 and 2.
1
What is the greatest common divisor of 7070 and 140?
70
Calculate the highest common divisor of 203 and 28.
7
Calculate the greatest common divisor of 74 and 5254.
74
Calculate the greatest common factor of 341 and 279.
31
What is the greatest common factor of 33 and 18?
3
Calculate the highest common factor of 1380 and 480.
60
What is the greatest common divisor of 14 and 1834?
14
Calculate the greatest common factor of 33 and 7557.
33
What is the highest common factor of 283 and 27?
1
What is the highest common divisor of 8 and 136?
8
What is the greatest common divisor of 40 and 2660?
20
What is the highest common divisor of 44 and 99?
11
Calculate the highest common factor of 5330 and 260.
130
Calculate the greatest common divisor of 65 and 10.
5
Calculate the greatest common factor of 24 and 280.
8
What is the greatest common factor of 132 and 972?
12
What is the greatest common factor of 1056 and 24?
24
Calculate the greatest common divisor of 11 and 2189.
11
Calculate the greatest common divisor of 56 and 7.
7
Calculate the greatest common factor of 191 and 5539.
191
What is the greatest common factor of 16 and 2032?
16
What is the highest common divisor of 198 and 286?
22
Calculate the highest common factor of 8814 and 156.
78
What is the highest common factor of 248 and 8?
8
What is the greatest common factor of 18753 and 141?
141
Calculate the greatest common divisor of 138 and 2001.
69
What is the highest common divisor of 112 and 3248?
112
Calculate the greatest common factor of 287 and 82.
41
What is the highest common divisor of 21203 and 7?
7
Calculate the greatest common factor of 46 and 1242.
46
Calculate the highest common factor of 30 and 105.
15
Calculate the greatest common divisor of 810 and 150.
30
What is the highest common divisor of 12 and 324?
12
What is the greatest common divisor of 495 and 105?
15
What is the highest common factor of 21 and 273?
21
What is the greatest common factor of 5781 and 1692?
141
Calculate the greatest common divisor of 712 and 8.
8
Calculate the highest common factor of 38 and 779.
19
What is the highest common factor of 1410 and 180?
30
What is the greatest common factor of 737 and 67?
67
Calculate the highest common factor of 2057 and 748.
187
What is the greatest common factor of 369 and 9?
9
What is the greatest common divisor of 1927 and 47?
47
What is the greatest common divisor of 82 and 23698?
82
What is the highest common divisor of 144 and 153?
9
Calculate the greatest common divisor of 10494 and 53.
53
Calculate the greatest common divisor of 2667 and 14.
7
What is the highest common factor of 244 and 16?
4
Calculate the greatest common factor of 810 and 81.
81
Calculate the highest common divisor of 770 and 165.
55
What is the highest common factor of 243 and 324?
81
What is the greatest common factor of 43 and 2752?
43
Calculate the highest common divisor of 59 and 1180.
59
Calculate the greatest common divisor of 28 and 4.
4
Calculate the highest common factor of 658 and 188.
94
What is the greatest common factor of 148 and 260?
4
What is the greatest common factor of 3616 and 64?
32
What is the greatest common divisor of 13 and 1742?
13
Calculate the greatest common factor of 1675 and 125.
25
What is the highest common divisor of 1221 and 11?
11
Calculate the highest common divisor of 6100 and 183.
61
What is the greatest common divisor of 26140 and 20?
20
Calculate the greatest common factor of 1545 and 15.
15
Calculate the highest common divisor of 252 and 1464.
12
Calculate the greatest common factor of 6975 and 62.
31
Calculate the highest common factor of 35 and 301.
7
Calculate the highest common factor of 868 and 992.
124
Calculate the greatest common factor of 1737 and 9.
9
What is the greatest common factor of 169 and 416?
13
Calculate the greatest common divisor of 16 and 40.
8
What is the greatest common factor of 27 and 1?
1
What is the highest common factor of 4 and 14?
2
Calculate the greatest common factor of 21065 and 55.
55
What is the greatest common divisor of 221 and 91?
13
Calculate the greatest common factor of 1606 and 132.
22
Calculate the greatest common factor of 6 and 588.
6
Calculate the greatest common divisor of 652 and 489.
163
What is the greatest common divisor of 603 and 134?
67
Calculate the greatest common factor of 76 and 38.
38
What is the greatest common divisor of 32231 and 167?
167
Calculate the highest common divisor of 142 and 71.
71
Calculate the greatest common divisor of 81 and 5751.
81
What is the highest common divisor of 125 and 25?
25
What is the greatest common factor of 36 and 2424?
12
What is the greatest common divisor of 25 and 400?
25
What is the greatest common divisor of 6488 and 16?
8
What is the highest common factor of 9056 and 8?
8
What is the highest common factor of 1568 and 336?
112
What is the highest common divisor of 48 and 60?
12
What is the greatest common divisor of 1380 and 1320?
60
What is the highest common divisor of 4560 and 3840?
240
Calculate the highest common factor of 18 and 2016.
18
What is the highest common divisor of 8 and 820?
4
What is the highest common divisor of 95 and 12160?
95
Calculate the greatest common factor of 976 and 256.
16
Calculate the highest common divisor of 1507 and 548.
137
Calculate the highest common divisor of 136 and 969.
17
Calculate the greatest common divisor of 640 